10 + p. What is the remainder when f is divided by 22?
21
Let t(z) = -11*z - 9*z + 21*z + 34. What is the remainder when t(-15) is divided by 11?
8
Let b(y) = 4*y - 3. Let i(r) = -2*r + 1. Calculate the remainder when b(10) is divided by i(-6).
11
Suppose -2*v = -3 - 51. Let h(o) = 3*o**2 + 1. Let m be h(1). What is the remainder when v is divided by (-84)/18*(-6)/m?
6
Let s(w) = 2*w + 5. Let q be s(8). Suppose q = 5*g - 9. Suppose 0 = a - 4*r - 9 - 4, 3*r = g. Calculate the remainder when 40 is divided by a.
19
Let v = 5 + -4. Let u(l) = 3*l**3 - l**2 + 1. Let z be u(v). Suppose 17 = 2*k + z. What is the remainder when 19 is divided by k?
5
Suppose -w - 4*w = -10. Let c be (40/30)/((-4)/(-6)). Calculate the remainder when (-4)/c + (5 - 1) is divided by w.
0
Suppose -2*v + 25 = -5*s, -4*s = 2*v - 4*v + 20. Let i(k) = -k**2 - 6*k - 4. Let a be i(s). Let p = 4 - a. What is the remainder when 8 is divided by p?
2
Let p(o) = 7*o - 6. Let r be p(-5). Let f = r + 84. Calculate the remainder when f is divided by 15.
13
Let c = 17 + 5. What is the remainder when 61 is divided by c?
17
Suppose 3*y = -2*u, 0 = -2*y - 3*u - 3 - 2. Let z be y*1*(-49)/14. What is the remainder when 51 is divided by 4 + z + 8*2?
12
Suppose -5*y = -2*w - 64, -5*y - w + 58 = -0*y. Suppose 4*o = o + y. Calculate the remainder when 13 is divided by o.
1
What is the remainder when 49 is divided by 4/6*510/20?
15
Let s = -11 + 15. Suppose 5*p + 0 - 6 = -d, 2*d = s*p + 12. Let i = -7 + 23. Calculate the remainder when i is divided by d.
4
Suppose 7*w + w - 728 = 0. What is the remainder when w is divided by 31?
29
Calculate the remainder when 91 is divided by 1 + (34 - (2 + 2)).
29
Let y = 213 - 190. What is the remainder when 42 is divided by y?
19
Let s = -8 + 272. Let y = s - -48. Calculate the remainder when y/10 + (-2)/10 is divided by 16.
15
Let w = 83 - 46. Calculate the remainder when w is divided by 13.
11
Suppose -13*k + 48 = -9*k. Suppose 3*r = 2*r + 35. What is the remainder when r is divided by k?
11
Suppose -3*c - c + 118 = -2*l, 0 = 2*l + 6. Let w = -18 - -100. Calculate the remainder when w is divided by c.
26
Suppose 10*x = 52 + 38. What is the remainder when 60 is divided by x?
6
Let l(w) = 5*w**3 + w**2 - 6*w + 3. Calculate the remainder when l(2) is divided by 12.
11
Let c = 21 - -14. What is the remainder when 2506/18 - 26/117 is divided by c?
34
Let m(h) = -1. Let o(r) = -r + 3. Let n(f) = 4*m(f) + o(f). Calculate the remainder when 13 is divided by n(-6).
3
Let n = 47 + -30. Calculate the remainder when 33 is divided by n.
16
Let l(s) = -s**3 + 3*s**2 + 5*s + 1. What is the remainder when 17 is divided by l(4)?
2
Let d(y) = y**3 - y**2 + 2*y + 16. What is the remainder when 20 is divided by d(0)?
4
Calculate the remainder when 8 is divided by (1 - (-2)/(-4))/((-2)/(-12)).
2
Calculate the remainder when 26 is divided by (7/2)/((-1)/(-2)).
5
Let w = 3 - 1. Let y be -1*(w - 1)*45. Let i = 16 - y. What is the remainder when i is divided by 21?
19
Let m = -91 - -131. Suppose -13*r + m = -8*r. Let i = 1 - -13. What is the remainder when i is divided by r?
6
Let i(x) = 6*x**2 + 10*x + 3. What is the remainder when i(-4) is divided by 10?
9
Let z(h) = 81*h**2 - 3*h - 2. What is the remainder when z(-1) is divided by 28?
26
Suppose u = -0*u + 3. Let a = u + 1. Suppose 0*b + 52 = a*b. Calculate the remainder when 38 is divided by b.
12
Let f = 7 + 3. Let h = -21 - -40. Calculate the remainder when h is divided by f.
9
Let f be -7 - -2*(-2)/(-4). Let r(n) be the first derivative of -n**3/3 - 9*n**2/2 - 5*n - 2. Calculate the remainder when r(f) is divided by 7.
6
Let q(h) = h**2 - h + 4. Let x be q(0). Suppose 4*z - 4 = -x*i, -3*i - 5*z + 6 = -3. What is the remainder when 28 is divided by i/((-9)/(-5) - 2)?
8
Let h = 0 - -2. Let t be 8 + (-3 + h - -1). Suppose -2*y + 5*o = -33, -4*y - t*o + 3*o = -51. Calculate the remainder when 27 is divided by y.
13
Let m = 17 + 0. Let p = -8 + m. Calculate the remainder when p is divided by 5.
4
Suppose 5*r - 4*i + 7 = 109, 4*r - 78 = 2*i. What is the remainder when 32 is divided by r?
14
Suppose -3*x = q - 5*q - 100, 3*q + 2*x + 75 = 0. Let r = q - -43. Calculate the remainder when 69 is divided by r.
15
Let c(i) = i**2 + 5*i - 2. Let f be c(10). Suppose -v = v - f. Calculate the remainder when v is divided by 19.
17
Suppose q = -2*b - b + 10, -12 = -5*b - 4*q. Suppose 4*z - 8*z + b = 0. Suppose -z = n - 18. What is the remainder when 32 is divided by n?
15
Let c(o) = -2*o**3 - o**2 - 2*o - 2. Let u(a) = -245*a**3 + a**2 + a + 1. Let b be u(-1). What is the remainder when 2/3*b/4 is divided by c(-2)?
13
Let d = 13 - 4. Let q be (7 - 12)*(-156)/10. Suppose 2*w - q = -w. Calculate the remainder when w is divided by d.
8
Let k(m) = -m - 1. Let d be k(-1). Suppose 4*u + d - 8 = 0. Calculate the remainder when 4 is divided by u.
0
Suppose 3*b = 161 + 43. Suppose -t - 2*y = -0*y - 26, -4*t + b = -4*y. Calculate the remainder when (38/2)/((-1)/(-2)) is divided by t.
18
Calculate the remainder when 19 is divided by (12/16)/(2 + 92/(-48)).
1
Let t be ((-4)/6)/((-2)/9). Suppose t*l - 12 = 0, 0 = 2*o - 4*l + 4. What is the remainder when o is divided by 3?
0
Suppose 4*a - 3*i = 240, a + 3*i - 17 - 43 = 0. What is the remainder when (3 + a/(-3))*-2 is divided by 9?
7
Let i(d) = -d**2 + 6*d + 4. Calculate the remainder when 6 is divided by i(6).
2
Let c(j) = -15*j - 8. Calculate the remainder when 52 is divided by c(-2).
8
Calculate the remainder when 146 is divided by 50 - ((-3)/(-1) - (0 + 2)).
48
Let u(t) = -t + 5. Calculate the remainder when 33 is divided by u(-7).
9
What is the remainder when 83 is divided by 22/(-3)*(-75)/50?
6
Let k = 7 + -3. Suppose k*g = -5*s - 79 + 296, -g + 4*s = -70. Suppose -y + 11 = 2*i + i, -32 = -y + 4*i. Calculate the remainder when g is divided by y.
18
Let a = 46 - 30. What is the remainder when 46 is divided by a?
14
Suppose -2*h = h + 24. Let v(r) be the second derivative of -r**4/12 - 11*r**3/6 - 7*r**2/2 - 3*r. Calculate the remainder when v(h) is divided by 9.
8
Let l(c) = c**2 - 9*c + 12. Let a(m) = -5*m - 3. What is the remainder when l(13) is divided by a(-5)?
20
Suppose -15*r = -351 - 1764. What is the remainder when r is divided by 48?
45
Suppose 19 = 2*b - 25. Let t be (2 - 4 - 0) + 2. Suppose t*y = -y + 12. What is the remainder when b is divided by y?
10
Let m(w) = -2*w**2 - 2*w. Let s(y) = 2*y**2 + y - 1. Let g(r) = -3*m(r) - 2*s(r). Calculate the remainder when 22 is divided by g(-3).
6
Let f(o) = -12*o - 7. What is the remainder when 27 is divided by f(-1)?
2
Suppose 0 = 5*k + 18 - 48. What is the remainder when 28 is divided by k?
4
Suppose 5*z - 2*z + 154 = 5*w, 4*w - 113 = -z. Calculate the remainder when 112 is divided by w.
25
Let z = -146 - -207. Calculate the remainder when z is divided by 21.
19
Let u = -686 - -702. Let x = 0 + 7. Suppose 5*f + x = 162. Calculate the remainder when f is divided by u.
15
What is the remainder when 2/(-8) - (-722)/8 is divided by 13?
12
Let s be ((-28)/(1*-2))/2. Let d = 1 + s. What is the remainder when 15 is divided by d?
7
Suppose 11 = a + x, -2*x = 5*a + 5 - 48. Let g = 10 - a. Suppose -3 - 2 = g*j + 5*q, 5*j - 37 = 3*q. What is the remainder when 13 is divided by j?
3
Let x(z) = -2*z + 41. What is the remainder when 38 is divided by x(14)?
12
Let p(g) = -g**3 + 5*g**2 + g + 5. Suppose -532 = 11*d - 25*d. What is the remainder when d is divided by p(5)?
8
Let b = 9 - 3. Let f(d) = -7*d - 1 - 1 + b*d. What is the remainder when 8 is divided by f(-7)?
3
Let t = -15 - -48. Let u = 17 + 0. What is the remainder when t is divided by u?
16
Suppose 2*m = 7*m - 170. Suppose -r + 16 + m = 0. Calculate the remainder when r is divided by 13.
11
Suppose -5*x - 5 = 5*c, 14 = 2*c - 3*x - 9. Let s be (0 + 1)/(c/36). Suppose 3*w - 18 = s. Calculate the remainder when 17 is divided by w.
8
Let a be (-4)/(-1)*(-4 - 3). Let c = -13 - a. What is the remainder when 28 is divided by c?
13
Let o be 7 - 6 - 1*-19. Suppose o = 4*q + 4. What is the remainder when 6 is divided by q?
2
Let n(l) = -18*l**3 - 2*l**2 - 2*l - 1. Calculate the remainder when 66 is divided by n(-1).
15
Suppose 4*t = -0*t + 8. Calculate the remainder when t is divided by 6/(-4) + (-10)/(-4).
0